 v(c) = -39*c + p + 7 + 43*c. Let n = 1 + -7. What is v(n)?
-15
Let d(m) = 4*m**2 - 2*m + m**3 + 6*m - 7 + m + 11. Give d(-3).
-2
Let n = 3 - 1. Let c(p) = 2*p + 5*p**n - 2*p - p. Suppose 2*z = -4*u + 14, 2*u + 43*z + 18 = 47*z. Determine c(u).
4
Let w(s) = -6*s - 11*s + 18*s - 2 + 0 + 3. Calculate w(1).
2
Let f be 6/4 + (-153)/(-34). Let g(w) = 3*w**3 + 2*w**2 - 9. Let r(d) = -d**3 + d**2 + 1. Let b(v) = -g(v) - 4*r(v). Give b(f).
5
Let p(r) = -r + 16. Let v be p(11). Let m(l) = 0*l**3 - 4 + 11 - l**3 + 2*l**3 + 2*l + v*l**2. Calculate m(-5).
-3
Let l(d) = 4*d - 3. Let m(z) = -3*z + 3. Let t(o) = 4*l(o) + 5*m(o). Let c(n) = -3. Let g(p) = -3*c(p) - 3*t(p). Suppose 39 - 45 = 3*f. What is g(f)?
6
Let p = -797 - -801. Let z(u) be the second derivative of -5/2*u**2 - 5/12*u**4 + u**3 + 1/20*u**5 + 0 - u. Determine z(p).
3
Let x be ((-21)/14)/((-3)/6). Let k(i) = -19 - i**3 + 2*i**3 + 3*i**2 + 21 + x*i. Give k(-3).
-7
Suppose -374*y = -378*y. Let k(s) = 6*s + 6. What is k(y)?
6
Let u(j) = j**2 + 7*j + 9. Suppose 24*n - 5*s = 28*n + 48, 4*n - 5*s + 8 = 0. Determine u(n).
9
Let b = -34 - -48. Suppose -b = 2*v - 2*m, -5*m = 2*v + 3 - 24. Let p(w) = 11*w + 3. Determine p(v).
-19
Suppose n - 3*b + 1 = 0, 3*b - 1 = 2. Suppose -2*r + 3*s - 4 = -r, r - n*s + 2 = 0. Let x(h) = -h**3 - h**2 + 2*h. Give x(r).
-8
Let r(s) be the second derivative of 17*s - 5*s**2 + 7/12*s**4 + 5/3*s**3 + 0 - 1/20*s**5. Let b(q) = -9*q**3 - q**2. Let x be b(-1). What is r(x)?
6
Let k(q) = -2*q + 35. Let f be k(17). Let v(u) = u. Let m(j) = 4*j - 5. Let a(g) = f*m(g) - 5*v(g). Determine a(-10).
5
Let f(q) = -47*q + 75*q + 19 - 26*q. Give f(-10).
-1
Let s = 212 + -210. Let t(h) = -8*h + 7*h - h**2 - 6*h**2 + 4*h**s - 1. Let k = -3 + 2. Give t(k).
-3
Let f = 7 - 5. Suppose 3*w - f = j + 15, 3*j = -3*w - 3. Let q(h) = -h**3 - 3*h**2 + 7*h + 1. What is q(j)?
16
Let z(a) = a - 6. Let c(h) = -h + 5. Let q(t) = 3*c(t) + 4*z(t). Let w be q(-11). Let x = -16 - w. Let p(v) = -v**3 + 5*v**2 - 6*v + 3. What is p(x)?
-5
Let t(s) = s + 14. Let q be t(-15). Let j = 5 + q. Let i(f) = -3*f + j*f - 3*f - 4 + f. Give i(-6).
2
Let j(m) = -14*m**2 + 0 - 12*m + 3*m**3 + 0*m**3 + 5*m**3 + 3 - 9*m**3. Determine j(-13).
-10
Let h(o) = o**2 + 15*o + 15. Suppose 0*c + 2*c - 15 = v, -v - 2*c - 11 = 0. Calculate h(v).
-11
Suppose 5*t + 9 = -16. Let r(g) = -g**2 - 24*g + 14. Let a be r(-18). Let n(u) = -a*u - 4 + 4 - u**2 - 3 + 114*u. What is n(t)?
12
Let o(i) = -2*i. Suppose -16 = -3*x - 1. Let l = x - 3. Suppose 4*b + m + l = -m, 5*b - 3*m = 25. Determine o(b).
-4
Let f be 658/188*(4 - 1 - 1). Let u(h) = -9*h - 17 - 3*h**2 + 4*h**2 + 19. What is u(f)?
-12
Let m(c) be the third derivative of c**4/12 - 17*c**3/6 - 13*c**2 - 11. Calculate m(7).
-3
Let y(w) be the first derivative of -w**2 - 7*w - 195. What is y(10)?
-27
Let p(h) = h**2 + 2*h - 2. Let i(c) = -c**3 + 5*c**2 - 5*c + 6. Let m be i(5). Let k = m - -31. Let t be 18/(-8) + (-9)/k. Calculate p(t).
1
Let v(h) = -h**2 + 3*h. Let t(n) = -n + 14. Let l be t(11). Suppose -b - 4*j = -l*j - 6, 3*b + 2*j = 14. What is v(b)?
2
Let y be (-2)/((-32)/168)*(-2)/(-3). Let t(b) = -b**3 + 7*b**2 - b + 5. Give t(y).
-2
Let x(c) be the third derivative of -c**4/24 + c**3/3 - 2*c**2 + 75*c + 21. Suppose 5*q = -2 - 18. Give x(q).
6
Let o(a) be the third derivative of a**6/120 + a**5/60 + 5*a**3/3 + 4*a**2 + 2*a. Determine o(0).
10
Suppose 0 = -g - 3*i - 0 + 1, -4*g = 3*i + 14. Let u = -5 - -5. Let h(q) = -3*q + 7*q + 2*q**2 + u*q**2 - q**2. What is h(g)?
5
Let z(l) = l**2 - 10*l + 6. Let f be ((-30)/(-75))/(2/30). What is z(f)?
-18
Let k(n) be the third derivative of 1/120*n**6 + 0 + 3/8*n**4 + 20*n**2 + 0*n - 7/60*n**5 - 5/6*n**3. Give k(6).
13
Let h(z) = 3*z + 3. Let g(c) = 5*c + 5. Let j(t) = -4*g(t) + 7*h(t). Let q be (6/5)/(-2 - 86/(-40)). What is j(q)?
9
Let m(a) = -a**2 + a + 1. Let b(j) = 3*j**3 + 4*j**2 - 2*j. Let k be b(-2). Let n(x) = 7*x**2 - 5*x - 3. Let w(p) = k*m(p) - n(p). What is w(1)?
-3
Suppose -3*h - 43 = -10. Let b(n) = -n - 6. Determine b(h).
5
Let a(i) be the first derivative of i**4/4 - 10*i**3/3 - i**2/2 + 9*i + 173. What is a(10)?
-1
Let j(v) = -v - 3. Let p be (0 - 2) + -6 - -3. Let b be j(p). Suppose r = b*r. Let o(t) = -t**2 - t + 10. What is o(r)?
10
Let y(w) = -8*w + 4. Let k(b) = b**3 + 3*b**2 - 3*b + 7. Let a(d) = -d**3 + 3*d**2 + 3*d. Let f be a(4). Let x be k(f). Calculate y(x).
-20
Let k(t) be the first derivative of -t**3/6 + 2*t**2 - 8*t + 7. Let f(l) be the first derivative of k(l). Give f(6).
-2
Suppose -t + 4 - 13 = 0. Let s(n) = n**2 + 6*n - 23. Let w be s(t). Let a(j) = j**3 - 3*j**2 - 5*j + 2. Give a(w).
-2
Let l(o) = 2*o + 10. Let q(b) = 3. Let g(f) = -l(f) + 2*q(f). Determine g(-3).
2
Let z(m) = 303*m - 506 + 502 - 300*m. Let j = -20 - -14. Give z(j).
-22
Let m(a) = a**2 + 9*a - 11. Let k = -726 + 718. Give m(k).
-19
Let h(r) be the second derivative of -r**8/6720 - r**7/630 - r**6/720 - r**5/24 - 3*r**4/2 - 23*r. Let w(i) be the third derivative of h(i). Give w(-4).
-1
Let m(d) = d - 7. Suppose 3*n = 14*n - 88. Suppose 0 = u + n - 1. What is m(u)?
-14
Let d(i) = i**2 - 2*i - 1. Let x(p) = -3*p**2 - 37*p - 47. Let k(w) = d(w) + x(w). Calculate k(-18).
6
Let a be (1 - 4)/3*12. Let y = 16 + a. Let v(q) be the third derivative of q**5/60 - q**4/12 - q**3/6 - 13*q**2. What is v(y)?
7
Let c(u) = -30*u**2 + 8*u**2 + 10*u + 12*u**2 + 0 + 11*u**2 - 13. Calculate c(-9).
-22
Let p be 100/(-8) - 3/(-6). Let d = -4 - p. Let j(i) = -i**2 + 7*i + 5. Let o be j(d). Let t(y) = -2*y**2 - 2*y + 3. Calculate t(o).
-9
Let t(j) = j**3 + 10*j**2 + 7*j - 12. Let z(p) = -p - 7. Let c be z(2). Determine t(c).
6
Let a(l) be the second derivative of l**5/20 + 2*l**4/3 + 11*l**3/6 - 7*l**2/2 + 9*l. Let y be a(-6). Let q(u) = 9*u. Give q(y).
-9
Let u(d) = -d**2 - 8*d - 10. Suppose m + 9*m - 40 = 0. Let t be (-29)/m - 5/(-20). Determine u(t).
-3
Let i be ((-326)/4)/(6/(-12)). Let g(q) = -83 + i + q - 78. Determine g(-2).
0
Let s(h) = 3*h - 4. Let j be s(11). Let o = j - 24. Suppose -o*u + c = 0, -3*c + 22 = 3*u + 4. Let t(r) = -5*r**2. Calculate t(u).
-5
Let q(i) = -2*i - 1. Let n = 1 + 4. Let r be n/4 + 1/(-4). What is q(r)?
-3
Let q(v) = -v**3 + 7*v**2 - 13. Suppose 5*f + 63 = 98. Calculate q(f).
-13
Suppose 57 = 8*z - 15. Let q(u) = -u - 12. What is q(z)?
-21
Let o(b) = -b**2 + 8*b. Let x be (-2)/6*4*(-45)/(-20). Let h be 0 + -16*x/6. What is o(h)?
0
Let u(a) = -2*a**3 - 3*a**2 - a - 2. Let q be u(-2). Suppose 0*l - q*h = -l - 4, 0 = -3*l + 3*h + 6. Let n(r) = 0 + l + 3 + 2*r - 6. Calculate n(5).
11
Let m(s) be the second derivative of s**4/12 - 2*s**3/3 - 7*s**2 + 162*s. What is m(6)?
-2
Let f(u) = 2*u**3 - u**2 + u + 4. Suppose 4*o = -2*z - 10, o = 4*z - 3*z - 4. Calculate f(o).
-62
Let v(o) be the second derivative of -o**5/120 - o**4/6 + o**3/3 + o. Let w(t) be the second derivative of v(t). Suppose -13*g - 30 = -8*g. Calculate w(g).
2
Let g(j) = -j**3 - 5*j**2 - 3*j + 1. Let o be g(-5). Let t(d) = -8 - 6 + o - d. Give t(0).
2
Let x(a) be the first derivative of -a**5/20 - 2*a**4/3 - a**3/6 - 7*a**2/2 - 9*a - 12. Let i(r) be the first derivative of x(r). Calculate i(-8).
1
Let n(b) = -4*b + 15. Let d(v) = -v + 3. Let w(z) = 6*d(z) - 3*n(z). Calculate w(5).
3
Suppose 0 = -c - 2*w - 3*w + 28, 5*w - 25 = 0. Let x(o) = -o + c*o - 11 - 7 + 20. Calculate x(-3).
-4
Let w(z) = z. Let g(y) = -2*y**2 - 10*y - 7. Let c(l) = -g(l) - 4*w(l). Calculate c(-3).
7
Let v = -688 - -686. Let z(w) be the third derivative of w**6/60 + w**5/60 - w**4/12 + w**3/6 + 7*w**2. Give z(v).
-7
Let f(w) = -w**3 + 4*w**2 + 2*w - 2. Let d be (-1)/(-2)*(2 + 8). Suppose 0 = -4*v - 2*q + 8, -4*v - 10 = -d*q - 32. Suppose 6 + v = 3*k. What is f(k)?
13
Let k(f) be the first derivative of 5*f - f**3 - 5/2*f**2 + 18 + 1/4*f**4. Calculate k(4).
1
Let n(m) = -m**3 - 8*m**2 + m - 7. Suppose -2*z = -20 + 22. Let f be (z + -2)/(12/32). Determine n(f).
-15
Let t(k) = -4 - k**3 + 5 - 5*k**2 + 5 + 3*k. Suppose 3*v + 6 = 9. Let r be (-1 + -4)/(v/1). Give t(r).
-9
Suppose 3*w - 5*u - 6 = 15, -4*u - 4 = 4*w. Let a(c) = -2*c. Let n(h) = h**2 - h + 1. Let l(q) = -a(q) - 2*n(q). Calculate l(w).
-2
Let w(a) be the third derivative of a**6/120 + 2*a**5/15 + a**4/6 - 203*a**2. Determine w(-6).
48
L